{"id":141,"date":"2022-09-22T14:16:24","date_gmt":"2022-09-22T05:16:24","guid":{"rendered":"https:\/\/www.yebizo.com\/2023\/?page_id=141"},"modified":"2022-11-29T10:28:32","modified_gmt":"2022-11-29T01:28:32","slug":"link-network","status":"publish","type":"page","link":"https:\/\/www.yebizo.com\/2023\/link-network","title":{"rendered":"LINK NETWORK"},"content":{"rendered":"<ul class=\"link-network\">\n<li><a href=\"https:\/\/chishima-foundation.com\" rel=\"noopener\" target=\"_blank\"><br \/>\n<img decoding=\"async\" loading=\"lazy\" src=\"http:\/\/test.yebizo.com\/w\/wp-content\/uploads\/sites\/1\/2021\/11\/others\/ud\/image-600x200.jpeg\" alt=\"\" width=\"600\" height=\"200\" class=\"alignnone size-medium wp-image-56061\" \/><\/a><br \/>\n<a href=\"https:\/\/chishima-foundation.com\" rel=\"noopener\" target=\"_blank\">\u304a\u304a\u3055\u304b\u5275\u9020\u5343\u5cf6\u8ca1\u56e3<br \/>\n<span>Chishima Foundation for Creative Osaka<\/span><\/a>\n<\/li>\n<li><a href=\"https:\/\/www.tpam.or.jp\/2021\/\" rel=\"noopener\" target=\"_blank\"><br \/>\n<img decoding=\"async\" loading=\"lazy\" src=\"http:\/\/test.yebizo.com\/w\/wp-content\/uploads\/sites\/1\/2021\/11\/others\/ud\/image-1-600x200.jpeg\" alt=\"\" width=\"600\" height=\"200\" class=\"alignnone size-medium wp-image-56063\" \/><\/a><br \/>\n<a href=\"https:\/\/www.tpam.or.jp\/2021\/\" rel=\"noopener\" target=\"_blank\">\u56fd\u969b\u821e\u53f0\u82b8\u8853\u30df\u30fc\u30c6\u30a3\u30f3\u30b0 in \u6a2a\u6d5c<br \/>\n<span>Performing Arts Meeting in Yokohama<\/span><\/a>\n<\/li>\n<li><a href=\"https:\/\/www.tbs.co.jp\/digicon\/\" rel=\"noopener\" target=\"_blank\"><br \/>\n<img decoding=\"async\" loading=\"lazy\" src=\"http:\/\/test.yebizo.com\/w\/wp-content\/uploads\/sites\/1\/2021\/11\/others\/ud\/image-2-600x200.jpeg\" alt=\"\" width=\"600\" height=\"200\" class=\"alignnone size-medium wp-image-56065\" \/><\/a><br \/>\n<a href=\"https:\/\/www.tbs.co.jp\/digicon\/\" rel=\"noopener\" target=\"_blank\">TBS\/DigiCon6 ASIA<br \/>\n<span>TBS\/DigiCon6 ASIA<\/span><\/a>\n<\/li>\n<li><a href=\"https:\/\/www.ycam.jp\" rel=\"noopener\" target=\"_blank\"><br \/>\n<img decoding=\"async\" loading=\"lazy\" src=\"http:\/\/test.yebizo.com\/w\/wp-content\/uploads\/sites\/1\/2021\/11\/others\/ud\/image-3-600x200.jpeg\" alt=\"\" width=\"600\" height=\"200\" class=\"alignnone size-medium wp-image-56066\" \/><\/a><br \/>\n<a href=\"https:\/\/www.ycam.jp\" rel=\"noopener\" target=\"_blank\">\u5c71\u53e3\u60c5\u5831\u82b8\u8853\u30bb\u30f3\u30bf\u30fc\uff3bYCAM\uff3d<br \/>\n<span>Yamaguchi Center for Arts and Media [YCAM]<\/span><\/a>\n<\/li>\n<li><a href=\"https:\/\/kobe-eiga.net\" rel=\"noopener\" target=\"_blank\">\u795e\u6238\u6620\u753b\u8cc7\u6599\u9928<br \/>\n<span>Kobe Planet Film Archive<\/span><\/a>\n<\/li>\n<li><a href=\"https:\/\/filmskemutacije.com\" rel=\"noopener\" target=\"_blank\">\u30d5\u30a3\u30eb\u30e0\u30fb\u30df\u30e5\u30fc\u30c6\u30fc\u30b7\u30e7\u30f3\u30ba<br \/>\n<span>Film Mutations<\/span><\/a>\n<\/li>\n<li><a href=\"http:\/\/vitamincreativespace.art\/cn\/\" rel=\"noopener\" target=\"_blank\">Vitamin(\u5317\u4eac\/\u5e83\u5dde\uff09<br \/>\n<span>Vitamin Creative Space<\/span><\/a>\n<\/li>\n<li><a href=\"https:\/\/okimu.jp\" rel=\"noopener\" target=\"_blank\">\u6c96\u7e04\u770c\u7acb\u535a\u7269\u9928\u30fb\u7f8e\u8853\u9928<br \/>\n<span>Okinawa Prefectural Museum &#038; Art Museum<\/span><\/a>\n<\/li>\n<li><a href=\"https:\/\/fm.geidai.ac.jp\" rel=\"noopener\" target=\"_blank\">\u6771\u4eac\u85dd\u8853\u5927\u5b66\u5927\u5b66\u9662\u6620\u50cf\u7814\u7a76\u79d1<br \/>\n<span>Graduate School of Film and New Media, Tokyo University of the Arts<\/span><\/a>\n<\/li>\n<li><a href=\"http:\/\/www.yidff.jp\" rel=\"noopener\" target=\"_blank\">\u5c71\u5f62\u56fd\u969b\u30c9\u30ad\u30e5\u30e1\u30f3\u30bf\u30ea\u30fc\u6620\u753b\u796d<br \/>\n<span>Yamagata International Documentary Film Festival<\/span><\/a>\n<\/li>\n<li><a href=\"https:\/\/www.shortshorts.org\" rel=\"noopener\" target=\"_blank\">\u30b7\u30e7\u30fc\u30c8 \u30b7\u30e7\u30fc\u30c8\u30d5\u30a3\u30eb\u30e0\u30d5\u30a7\u30b9\u30c6\u30a3\u30d0\u30eb \uff06 \u30a2\u30b8\u30a2<br \/>\n<span>Short Shorts Film Festival &#038; Asia<\/span><\/a>\n<\/li>\n<li><a href=\"https:\/\/www.kawasaki-museum.jp\" rel=\"noopener\" target=\"_blank\">\u5ddd\u5d0e\u5e02\u5e02\u6c11\u30df\u30e5\u30fc\u30b8\u30a2\u30e0<br \/>\n<span>Kawasaki City Museum<\/span><\/a>\n<\/li>\n<li><a href=\"https:\/\/www.aac.pref.aichi.jp\" rel=\"noopener\" target=\"_blank\">\u611b\u77e5\u82b8\u8853\u6587\u5316\u30bb\u30f3\u30bf\u30fc<br \/>\n<span>Aichi Arts Center<\/span><\/a>\n<\/li>\n<li><a href=\"http:\/\/www.dctvny.org\" rel=\"noopener\" target=\"_blank\">\u30c0\u30a6\u30f3\u30bf\u30a6\u30f3\u30b3\u30df\u30e5\u30cb\u30c6\u30a3\u30c6\u30ec\u30d3\u30b8\u30e7\u30f3\u30bb\u30f3\u30bf\u30fc<br \/>\n<span>Downtown Community Television Center<\/span><\/a>\n<\/li>\n<li><a href=\"https:\/\/www.sixpackfilm.com\/\" rel=\"noopener\" target=\"_blank\">\u30b7\u30c3\u30af\u30b9\u30d1\u30c3\u30af\u30d5\u30a3\u30eb\u30e0<br \/>\n<span>sixpackfilm<\/span><\/a>\n<\/li>\n<li><a href=\"http:\/\/www.shanghart.com\" rel=\"noopener\" target=\"_blank\">\u30b7\u30e3\u30f3\u30a2\u30fc\u30c8<br \/>\n<span>ShanghART<\/span><\/a>\n<\/li>\n<li><a href=\"https:\/\/canyoncinema.com\" rel=\"noopener\" target=\"_blank\">\u30ad\u30e3\u30cb\u30aa\u30f3\u30fb\u30b7\u30cd\u30de\uff08\u30b5\u30f3\u30d5\u30e9\u30f3\u30b7\u30b9\u30b3\u3001\u30a2\u30e1\u30ea\u30ab\uff09<br \/>\n<span>CANYON CINEMA<\/span><\/a>\n<\/li>\n<li><a href=\"http:\/\/otherfilm.org\" rel=\"noopener\" target=\"_blank\">\u30a2\u30b6\u30fc\u30fb\u30d5\u30a3\u30eb\u30e0\uff08\u30d6\u30ea\u30b9\u30d9\u30f3\u3001\u30aa\u30fc\u30b9\u30c8\u30e9\u30ea\u30a2\uff09<br \/>\n<span>OTHERFILM<\/span><\/a>\n<\/li>\n<li><a href=\"https:\/\/www.nfaj.go.jp\" rel=\"noopener\" target=\"_blank\">\u56fd\u7acb\u6620\u753b\u30a2\u30fc\u30ab\u30a4\u30d6<br \/>\n<span>National Film Archive of Japan<\/span><\/a>\n<\/li>\n<li><a href=\"https:\/\/www.miraikan.jst.go.jp\" rel=\"noopener\" target=\"_blank\">\u65e5\u672c\u79d1\u5b66\u672a\u6765\u9928<br \/>\n<span>National Museum of Emerging Science and Innovation\uff08Miraikan)<\/span><\/a>\n<\/li>\n<li><a href=\"https:\/\/yokohama.art.museum\" rel=\"noopener\" target=\"_blank\">\u6a2a\u6d5c\u7f8e\u8853\u9928<br \/>\n<span>YOKOHAMA MUSEUM OF ART<\/span><\/a>\n<\/li>\n<li><a href=\"https:\/\/mauml.musabi.ac.jp\/img-lib\/\" rel=\"noopener\" target=\"_blank\">\u6b66\u8535\u91ce\u7f8e\u8853\u5927\u5b66\u30a4\u30e1\u30fc\u30b8\u30e9\u30a4\u30d6\u30e9\u30ea\u30fc<br \/>\n<span>Musashino Art University Image Library<\/span><\/a>\n<\/li>\n<li><a href=\"http:\/\/www.athenee.net\/culturalcenter\/\" rel=\"noopener\" target=\"_blank\">\u30a2\u30c6\u30cd\u30fb\u30d5\u30e9\u30f3\u30bb\u6587\u5316\u30bb\u30f3\u30bf\u30fc<br \/>\n<span>Ath\u00e9n\u00e9e Fran\u00e7ais Cultural Center<\/span><\/a>\n<\/li>\n<li><a href=\"https:\/\/www.institutfrancais.jp\/tokyo\/\" rel=\"noopener\" target=\"_blank\">\u30a2\u30f3\u30b9\u30c6\u30a3\u30c1\u30e5\u30fb\u30d5\u30e9\u30f3\u30bb\u6771\u4eac<br \/>\n<span>Institut fran\u00e7ais du Japon \u2013 Tokyo<\/span><\/a>\n<\/li>\n<li><a href=\"https:\/\/j-mediaarts.jp\" rel=\"noopener\" target=\"_blank\">\u6587\u5316\u5e81\u30e1\u30c7\u30a3\u30a2\u82b8\u8853\u796d<br \/>\n<span>Japan Media Arts Festival<\/span><\/a>\n<\/li>\n<li><a href=\"http:\/\/www.filmex.net\" rel=\"noopener\" target=\"_blank\">\u6771\u4eac\u30d5\u30a3\u30eb\u30e1\u30c3\u30af\u30b9<br \/>\n<span>TOKYO FILMeX<\/span><\/a>\n<\/li>\n<li><a href=\"https:\/\/pff.jp\/jp\/\" rel=\"noopener\" target=\"_blank\">\u3074\u3042\u30d5\u30a3\u30eb\u30e0\u30d5\u30a7\u30b9\u30c6\u30a3\u30d0\u30eb<br \/>\n<span>PIA FILM FESTIVAL<\/span><\/a>\n<\/li>\n<li><a href=\"http:\/\/www.imageforum.co.jp\" rel=\"noopener\" target=\"_blank\">\u30a4\u30e1\u30fc\u30b8\u30d5\u30a9\u30fc\u30e9\u30e0<br \/>\n<span>IMAGE FORUM<\/span><\/a>\n<\/li>\n<li><a href=\"http:\/\/www.webdice.jp\" rel=\"noopener\" target=\"_blank\">\u30a6\u30a7\u30d6\u30c0\u30a4\u30b9<br \/>\n<span>webDICE<\/span><\/a>\n<\/li>\n<li><a href=\"http:\/\/www.dcaj.or.jp\" rel=\"noopener\" target=\"_blank\">\u4e00\u822c\u8ca1\u56e3\u6cd5\u4eba \u30c7\u30b8\u30bf\u30eb\u30b3\u30f3\u30c6\u30f3\u30c4\u5354\u4f1a<br \/>\n<span>Digital Content Association of Japan<\/span><\/a>\n<\/li>\n<li><a href=\"https:\/\/jasias.jp\" rel=\"noopener\" target=\"_blank\">\u65e5\u672c\u6620\u50cf\u5b66\u4f1a<br \/>\n<span>Japan Society of Image Arts and Sciences<\/span><\/a>\n<\/li>\n<li><a href=\"http:\/\/eigabigakkou.com\" rel=\"noopener\" target=\"_blank\">\u6620\u753b\u7f8e\u5b66\u6821<br \/>\n<span>The Film School of Tokyo<\/span><\/a>\n<\/li>\n<li><a href=\"http:\/\/www.vctokyo.org\" rel=\"noopener\" target=\"_blank\">\u30d3\u30c7\u30aa\u30a2\u30fc\u30c8\u30bb\u30f3\u30bf\u30fc\u6771\u4eac\uff08VCT\uff09<br \/>\n<span>VIDEOART CENTER Tokyo<\/span><\/a>\n<\/li>\n<li><a href=\"http:\/\/www.miaca.org\" rel=\"noopener\" target=\"_blank\">MIACA\uff08\u30df\u30a2\u30ab\u30d3\u30c7\u30aa\u30a2\u30fc\u30ab\u30a4\u30d6\uff09<br \/>\n<span>MIACA Japan<\/span><\/a>\n<\/li>\n<li><a href=\"http:\/\/filmpres.org\" rel=\"noopener\" target=\"_blank\">\u7279\u5b9a\u975e\u55b6\u5229\u6d3b\u52d5\u6cd5\u4eba\u6620\u753b\u4fdd\u5b58\u5354\u4f1a<br \/>\n<span>Film Preservation Society (FPS)<\/span><\/a>\n<\/li>\n<li><a href=\"http:\/\/www.eai.org\" rel=\"noopener\" target=\"_blank\">\u30a8\u30ec\u30af\u30c8\u30ed\u30cb\u30c3\u30af\u30fb\u30a2\u30fc\u30c4\u30fb\u30a4\u30f3\u30bf\u30fc\u30df\u30c3\u30af\u30b9\uff08\u30cb\u30e5\u30fc\u30e8\u30fc\u30af\u3001\u30a2\u30e1\u30ea\u30ab\uff09<br \/>\n<span>ELECTRONIC ARTS INTERMIX<\/span><\/a>\n<\/li>\n<li><a href=\"https:\/\/lightcone.org\" rel=\"noopener\" target=\"_blank\">\u30e9\u30a4\u30c8\u30fb\u30b3\u30fc\u30f3\uff08\u30d1\u30ea\u3001\u30d5\u30e9\u30f3\u30b9\uff09<br \/>\n<span>LIGHT CONE<\/span><\/a><\/li>\n<\/ul>\n","protected":false},"excerpt":{"rendered":"<p>\u304a\u304a\u3055\u304b\u5275\u9020\u5343\u5cf6\u8ca1\u56e3 Chishima Foundation for Creative Osaka \u56fd\u969b\u821e\u53f0\u82b8\u8853\u30df\u30fc\u30c6\u30a3\u30f3\u30b0 in \u6a2a\u6d5c Performing Arts Meeting in Yokohama TBS\/D [&hellip;]<\/p>\n","protected":false},"author":5,"featured_media":0,"parent":0,"menu_order":0,"comment_status":"closed","ping_status":"closed","template":"","meta":{"footnotes":""},"acf":[],"_links":{"self":[{"href":"https:\/\/www.yebizo.com\/2023\/wp-json\/wp\/v2\/pages\/141"}],"collection":[{"href":"https:\/\/www.yebizo.com\/2023\/wp-json\/wp\/v2\/pages"}],"about":[{"href":"https:\/\/www.yebizo.com\/2023\/wp-json\/wp\/v2\/types\/page"}],"author":[{"embeddable":true,"href":"https:\/\/www.yebizo.com\/2023\/wp-json\/wp\/v2\/users\/5"}],"replies":[{"embeddable":true,"href":"https:\/\/www.yebizo.com\/2023\/wp-json\/wp\/v2\/comments?post=141"}],"version-history":[{"count":2,"href":"https:\/\/www.yebizo.com\/2023\/wp-json\/wp\/v2\/pages\/141\/revisions"}],"predecessor-version":[{"id":1549,"href":"https:\/\/www.yebizo.com\/2023\/wp-json\/wp\/v2\/pages\/141\/revisions\/1549"}],"wp:attachment":[{"href":"https:\/\/www.yebizo.com\/2023\/wp-json\/wp\/v2\/media?parent=141"}],"curies":[{"name":"wp","href":"https:\/\/api.w.org\/{rel}","templated":true}]}}